{"id":77,"date":"2008-11-26T08:59:22","date_gmt":"2008-11-26T08:59:22","guid":{"rendered":"https:\/\/test.eberhard-seminare.ch\/?page_id=77"},"modified":"2019-06-16T16:18:45","modified_gmt":"2019-06-16T14:18:45","slug":"tec","status":"publish","type":"page","link":"https:\/\/eberhard-seminare.ch\/?page_id=77","title":{"rendered":"TEC &#8211; Kundenorientiertes Verhalten f\u00fcr technische Mitarbeiter"},"content":{"rendered":"<div id=\"pl-77\" class=\"panel-layout\">\n<div id=\"pg-77-0\" class=\"panel-grid panel-no-style\">\n<div id=\"pgc-77-0-0\" class=\"panel-grid-cell\" data-weight=\"1\">\n<div id=\"panel-77-0-0-0\" class=\"so-panel widget widget_sow-editor panel-first-child\" data-index=\"0\" data-style=\"{&quot;background_image_attachment&quot;:false,&quot;background_display&quot;:&quot;tile&quot;}\">\n<div class=\"so-widget-sow-editor so-widget-sow-editor-base\">\n<div class=\"siteorigin-widget-tinymce textwidget\">\n<p style=\"text-align: left;\">Die TEC Seminare enthalten:<\/p>\n<p>&#8211; kundenorientiertes Verhalten<br \/>&#8211; Kundenbeziehungen vertiefen und optimieren<br \/>&#8211; Verhalten bei schwierigen Situationen mit Kunden<br \/>&#8211; stylsicherer pers\u00f6nlicher und telefonischer Umgang und Kontakt mit Kunden<br \/>&#8211; zus\u00e4tzliche Ausrichtung auf Verkauf<br \/>&#8211; Selbst- und Zeitmanagement<br \/>&#8211; Stressreduktion<br \/>&#8211; Teamarbeit<\/p>\n<hr \/>\n<h3><span class=\"h3\">TEC1 &#8211; Wirksamer Kundenkontakt mit Kompetenz und Zufriedenheit<\/span><\/h3>\n<p>Im TEC1 liegt der Fokus auf den Kenntnissen f\u00fcr wirksame Kommunikation und verkaufsorientiertes Verhalten mit Kunden sowie internen und externen Gespr\u00e4chspartnern. Dazu werden nat\u00fcrliche, auf den Menschen zugeschnittene und daher angenehme Kommunikationstechniken eingesetzt um Kunden w\u00e4hrend Montagen oder technischem Service optimal zu betreuen.<\/p>\n<p>Folgeseminare: TEC2, TEC3, TEC4<\/p>\n<p>Teilnehmerzahl: max. 16 Personen<\/p>\n<p>Seminardauer: 2 Tage\u00a0(0830-1700)<\/p>\n<p><a class=\"jce_file\" title=\"TEC1 Seminar Programm\" href=\"https:\/\/eberhard-seminare.ch\/wp-content\/uploads\/2008\/11\/Programme_tec1-web.pdf\" target=\"_blank\" rel=\"noopener noreferrer\"> TEC1 Seminar Programm<\/a><a class=\"jce_file\" href=\"https:\/\/eberhard-seminare.ch\/wp-content\/uploads\/2008\/11\/Programme_tec1-web.pdf\" target=\"_blank\" rel=\"noopener noreferrer\"><img decoding=\"async\" loading=\"lazy\" class=\"jce_icon alignleft wp-image-65 size-full\" style=\"border: 0px; vertical-align: middle;\" title=\"pdf\" src=\"https:\/\/eberhard-seminare.ch\/wp-content\/uploads\/2008\/11\/images_M_images_pdf_small.gif\" alt=\"pdf small\" width=\"16\" height=\"16\" \/><\/a><\/p>\n<hr \/>\n<h3><span class=\"h3\">TEC2 &#8211; Anspruchsvolle Kundensituationen meistern mit Erfolg<\/span><\/h3>\n<p>Im TEC2 liegt der Fokus auf den Kenntnissen f\u00fcr echte Teamarbeit, wirksame Kommunikation und meisterhaftes Verhalten in speziellen Kundensituationen. Erfolgreicher Umgang mit pers\u00f6nlichen und telefonischen Reklamationen. Es\u00a0werden individuelle Verhaltensweisen der Teilnehmenden gegen\u00fcber den Kunden und internen Stellen analysiert.<\/p>\n<p>Folgeseminare: TEC3, TEC4<\/p>\n<p>Teilnehmerzahl: max. 16 Personen<\/p>\n<p>Seminar dauer: 1 Tag\u00a0(0830-1700)<\/p>\n<p><a class=\"jce_file\" title=\"TEC2 Seminar Programm\" href=\"https:\/\/eberhard-seminare.ch\/wp-content\/uploads\/2008\/11\/Programme_tec2-web.pdf\" target=\"_blank\" rel=\"noopener noreferrer\"> TEC2 Seminar Programm<\/a><a class=\"jce_file\" href=\"https:\/\/eberhard-seminare.ch\/wp-content\/uploads\/2008\/11\/Programme_tec2-web.pdf\" target=\"_blank\" rel=\"noopener noreferrer\"><img decoding=\"async\" loading=\"lazy\" class=\"jce_icon alignleft wp-image-65 size-full\" style=\"border: 0px; vertical-align: middle;\" title=\"pdf\" src=\"https:\/\/eberhard-seminare.ch\/wp-content\/uploads\/2008\/11\/images_M_images_pdf_small.gif\" alt=\"pdf small\" width=\"16\" height=\"16\" \/><\/a><\/p>\n<hr \/>\n<h3><span class=\"h3\">TEC3 &#8211; H\u00f6chstleistung mit Motivation und weniger Stress<\/span><\/h3>\n<p>Im TEC3 liegt der Fokus auf den Themen Zeitmanagement, Umgang mit Ver\u00e4nderungen und Motivation im Alltag. Zus\u00e4tzlich wird das Thema Stressmanagement durchleuchtet. Durch das vertiefte Stress-Wissen wird die Gesundheit gef\u00f6rdert und einem Burnout vorgebeugt.<\/p>\n<p>Folgeseminar: TEC4<\/p>\n<p>Teilnehmerzahl: max. 16 Personen<\/p>\n<p>Seminardauer: 1 Tag\u00a0(0830-1700)<\/p>\n<p><a class=\"jce_file\" title=\" TEC3 Seminar Programm \" href=\"https:\/\/eberhard-seminare.ch\/wp-content\/uploads\/2008\/11\/Programme_tec3-web.pdf\" target=\"_blank\" rel=\"noopener noreferrer\"> TEC3 Seminar Programm<\/a><a class=\"jce_file\" href=\"https:\/\/eberhard-seminare.ch\/wp-content\/uploads\/2008\/11\/Programme_tec3-web.pdf\" target=\"_blank\" rel=\"noopener noreferrer\"><img decoding=\"async\" loading=\"lazy\" class=\"jce_icon alignleft wp-image-65 size-full\" style=\"border: 0px; vertical-align: middle;\" title=\"pdf\" src=\"https:\/\/eberhard-seminare.ch\/wp-content\/uploads\/2008\/11\/images_M_images_pdf_small.gif\" alt=\"pdf small\" width=\"16\" height=\"16\" \/><\/a><\/p>\n<hr \/>\n<h3><span class=\"h3\">TEC4 &#8211; Techniken verfeinern und Sicherheit gewinnen<\/span><\/h3>\n<p>Den Kundenkontakt auf allen Ebenen vervollkommnen. Im TEC 4 wird der professionelle pers\u00f6nliche und schriftliche Kundenkontakt (eMail) vertieft und die Gewinnung von hoher Sicherheit im Umgang mit Kunden erzielt.<\/p>\n<p>Teilnehmerzahl: max. 16 Personen<\/p>\n<p>Seminardauer: 1 Tag\u00a0(0830-1700)<\/p>\n<p><a class=\"jce_file\" title=\"TEC4 Seminar Programm \" href=\"https:\/\/eberhard-seminare.ch\/wp-content\/uploads\/2008\/11\/Programme_tec4-web.pdf\" target=\"_blank\" rel=\"noopener noreferrer\"> TEC4 Seminar Programm<\/a><a class=\"jce_file\" href=\"https:\/\/eberhard-seminare.ch\/wp-content\/uploads\/2008\/11\/Programme_tec4-web.pdf\" target=\"_blank\" rel=\"noopener noreferrer\"><img decoding=\"async\" loading=\"lazy\" class=\"jce_icon alignleft wp-image-65 size-full\" style=\"border: 0px; vertical-align: middle;\" title=\"pdf\" src=\"https:\/\/eberhard-seminare.ch\/wp-content\/uploads\/2008\/11\/images_M_images_pdf_small.gif\" alt=\"pdf small\" width=\"16\" height=\"16\" \/><\/a><\/p>\n<\/div>\n<\/div>\n<\/div>\n<div id=\"panel-77-0-0-1\" class=\"so-panel widget widget_sow-button panel-last-child\" data-index=\"1\" data-style=\"{&quot;background_display&quot;:&quot;tile&quot;}\">\u00a0<\/div>\n<\/div>\n<\/div>\n<\/div>\n\n<div id=\"pl-gb77-69d2b8b81d6be\"  class=\"panel-layout\" ><div id=\"pg-gb77-69d2b8b81d6be-0\"  class=\"panel-grid panel-no-style\" ><div id=\"pgc-gb77-69d2b8b81d6be-0-0\"  class=\"panel-grid-cell\" ><div id=\"panel-gb77-69d2b8b81d6be-0-0-0\" class=\"so-panel widget widget_sow-button panel-first-child panel-last-child\" data-index=\"0\" ><div\n\t\t\t\n\t\t\tclass=\"so-widget-sow-button so-widget-sow-button-flat-f54c0409268f-77\"\n\t\t\t\n\t\t><div class=\"ow-button-base ow-button-align-center\"\n>\n\t\t\t<a\n\t\t\t\t\thref=\"https:\/\/eberhard-seminare.ch\/?page_id=72\"\n\t\t\t\t\tclass=\"sowb-button ow-icon-placement-left ow-button-hover\" \t>\n\t\t<span>\n\t\t\t\n\t\t\tZur\u00fcck\t\t<\/span>\n\t\t\t<\/a>\n\t<\/div>\n<\/div><\/div><\/div><\/div><\/div>","protected":false},"excerpt":{"rendered":"<p>Die TEC Seminare enthalten: &#8211; kundenorientiertes Verhalten&#8211; Kundenbeziehungen vertiefen und optimieren&#8211; Verhalten bei schwierigen Situationen mit Kunden&#8211; stylsicherer pers\u00f6nlicher und telefonischer Umgang und Kontakt mit Kunden&#8211; zus\u00e4tzliche Ausrichtung auf Verkauf&#8211; Selbst- und Zeitmanagement&#8211; Stressreduktion&#8211; Teamarbeit TEC1 &#8211; Wirksamer Kundenkontakt mit Kompetenz und Zufriedenheit Im TEC1 liegt der Fokus auf den Kenntnissen f\u00fcr wirksame Kommunikation und verkaufsorientiertes Verhalten mit\u2026 <span class=\"read-more\"><a href=\"https:\/\/eberhard-seminare.ch\/?page_id=77\">Read More &raquo;<\/a><\/span><\/p>\n","protected":false},"author":3,"featured_media":0,"parent":72,"menu_order":4,"comment_status":"closed","ping_status":"closed","template":"","meta":{"_exactmetrics_skip_tracking":false,"_exactmetrics_sitenote_active":false,"_exactmetrics_sitenote_note":"","_exactmetrics_sitenote_category":0,"footnotes":""},"_links":{"self":[{"href":"https:\/\/eberhard-seminare.ch\/index.php?rest_route=\/wp\/v2\/pages\/77"}],"collection":[{"href":"https:\/\/eberhard-seminare.ch\/index.php?rest_route=\/wp\/v2\/pages"}],"about":[{"href":"https:\/\/eberhard-seminare.ch\/index.php?rest_route=\/wp\/v2\/types\/page"}],"author":[{"embeddable":true,"href":"https:\/\/eberhard-seminare.ch\/index.php?rest_route=\/wp\/v2\/users\/3"}],"replies":[{"embeddable":true,"href":"https:\/\/eberhard-seminare.ch\/index.php?rest_route=%2Fwp%2Fv2%2Fcomments&post=77"}],"version-history":[{"count":19,"href":"https:\/\/eberhard-seminare.ch\/index.php?rest_route=\/wp\/v2\/pages\/77\/revisions"}],"predecessor-version":[{"id":1461,"href":"https:\/\/eberhard-seminare.ch\/index.php?rest_route=\/wp\/v2\/pages\/77\/revisions\/1461"}],"up":[{"embeddable":true,"href":"https:\/\/eberhard-seminare.ch\/index.php?rest_route=\/wp\/v2\/pages\/72"}],"wp:attachment":[{"href":"https:\/\/eberhard-seminare.ch\/index.php?rest_route=%2Fwp%2Fv2%2Fmedia&parent=77"}],"curies":[{"name":"wp","href":"https:\/\/api.w.org\/{rel}","templated":true}]}}